at is the hundreds digit of 2579?
5
What is the thousands digit of 194752?
4
What is the hundreds digit of 8163?
1
What is the hundreds digit of 36613?
6
What is the hundreds digit of 15008?
0
What is the tens digit of 9070?
7
What is the thousands digit of 29747?
9
What is the tens digit of 1019?
1
What is the tens digit of 21074?
7
What is the thousands digit of 12502?
2
What is the units digit of 115?
5
What is the hundreds digit of 33039?
0
What is the ten thousands digit of 72237?
7
What is the hundreds digit of 1543?
5
What is the tens digit of 2721?
2
What is the hundreds digit of 4037?
0
What is the tens digit of 976?
7
What is the units digit of 4585?
5
What is the ten thousands digit of 136401?
3
What is the hundreds digit of 5418?
4
What is the tens digit of 5850?
5
What is the hundreds digit of 1232?
2
What is the units digit of 6838?
8
What is the units digit of 1037?
7
What is the tens digit of 12560?
6
What is the tens digit of 7212?
1
What is the ten thousands digit of 15584?
1
What is the thousands digit of 4495?
4
What is the thousands digit of 3924?
3
What is the hundreds digit of 55623?
6
What is the thousands digit of 25557?
5
What is the hundreds digit of 209?
2
What is the tens digit of 264?
6
What is the hundreds digit of 31811?
8
What is the units digit of 1068?
8
What is the thousands digit of 25577?
5
What is the units digit of 2181?
1
What is the ten thousands digit of 27853?
2
What is the tens digit of 471?
7
What is the thousands digit of 1520?
1
What is the units digit of 511?
1
What is the units digit of 28485?
5
What is the units digit of 56821?
1
What is the hundreds digit of 81162?
1
What is the tens digit of 880?
8
What is the hundreds digit of 64771?
7
What is the units digit of 5805?
5
What is the hundreds digit of 20157?
1
What is the units digit of 23393?
3
What is the thousands digit of 1904?
1
What is the units digit of 23283?
3
What is the units digit of 3719?
9
What is the thousands digit of 52992?
2
What is the tens digit of 2172?
7
What is the tens digit of 55614?
1
What is the tens digit of 5349?
4
What is the hundreds digit of 150066?
0
What is the tens digit of 233?
3
What is the units digit of 49941?
1
What is the tens digit of 191900?
0
What is the units digit of 17425?
5
What is the hundreds digit of 1703?
7
What is the units digit of 2369?
9
What is the units digit of 600?
0
What is the hundreds digit of 994?
9
What is the tens digit of 42832?
3
What is the units digit of 1301?
1
What is the thousands digit of 37611?
7
What is the hundreds digit of 17857?
8
What is the hundred thousands digit of 180234?
1
What is the hundreds digit of 2024?
0
What is the tens digit of 868?
6
What is the tens digit of 3789?
8
What is the thousands digit of 2620?
2
What is the units digit of 50189?
9
What is the hundreds digit of 4394?
3
What is the tens digit of 3312?
1
What is the units digit of 1178?
8
What is the thousands digit of 6181?
6
What is the tens digit of 61118?
1
What is the hundreds digit of 758?
7
What is the thousands digit of 45502?
5
What is the units digit of 403?
3
What is the units digit of 17093?
3
What is the thousands digit of 27042?
7
What is the tens digit of 2283?
8
What is the tens digit of 4174?
7
What is the hundreds digit of 2048?
0
What is the hundreds digit of 6402?
4
What is the tens digit of 7800?
0
What is the units digit of 2019?
9
What is the tens digit of 16224?
2
What is the ten thousands digit of 12479?
1
What is the units digit of 623?
3
What is the units digit of 73871?
1
What is the tens digit of 23223?
2
What is the thousands digit of 2023?
2
What is the hundreds digit of 762?
7
What is the thousands digit of 4077?
4
What is the hundreds digit of 2624?
6
What is the tens digit of 15768?
6
What is the hundreds digit of 520?
5
What is the units digit of 42594?
4
What is the tens digit of 11591?
9
What is the units digit of 931?
1
What is the hundreds digit of 2107?
1
What is the ten thousands digit of 57186?
5
What is the thousands digit of 1063?
1
What is the hundreds digit of 3634?
6
What is the tens digit of 122?
2
What is the tens digit of 1603?
0
What is the thousands digit of 2139?
2
What is the thousands digit of 38669?
8
What is the tens digit of 6224?
2
What is the tens digit of 37113?
1
What is the units digit of 29308?
8
What is the tens digit of 1897?
9
What is the units digit of 4173?
3
What is the hundreds digit of 4690?
6
What is the hundreds digit of 3176?
1
What is the units digit of 10733?
3
What is the tens digit of 242?
4
What is the tens digit of 6109?
0
What is the hundreds digit of 5829?
8
What is the tens digit of 6841?
4
What is the units digit of 4?
4
What is the hundreds digit of 11686?
6
What is the units digit of 13804?
4
What is the units digit of 1918?
8
What is the hundreds digit of 918?
9
What is the units digit of 1490?
0
What is the thousands digit of 118317?
8
What is the hundreds digit of 220?
2
What is the tens digit of 1248?
4
What is the hundreds digit of 28378?
3
What is the units digit of 166?
6
What is the tens digit of 29362?
6
What is the hundreds digit of 65085?
0
What is the thousands digit of 2276?
2
What is the hundreds digit of 1825?
8
What is the units digit of 59?
9
What is the units digit of 1154?
4
What is the tens digit of 1954?
5
What is the tens digit of 6403?
0
What is the ten thousands digit of 14504?
1
What is the thousands digit of 52904?
2
What is the tens digit of 15626?
2
What is the thousands digit of 21188?
1
What is the units digit of 6390?
0
What is the hundreds digit of 46898?
8
What is the hundreds digit of 11434?
4
What is the ten thousands digit of 108301?
0
What is the hundreds digit of 16732?
7
What is the units digit of 42289?
9
What is the tens digit of 2853?
5
What is the tens digit of 1220?
2
What is the hundreds digit of 139638?
6
What is the units digit of 36312?
2
What is the thousands digit of 49972?
9
What is the tens digit of 87?
8
What is the units digit of 2562?
2
What is the ten thousands digit of 23786?
2
What is the tens digit of 8643?
4
What is the units digit of 550?
0
What is the thousands digit of 9613?
9
What is the ten thousands digit of 85342?
8
What is the ten thousands digit of 77037?
7
What is the hundreds digit of 27618?
6
What is the thousands digit of 3884?
3
What is the units digit of 219?
9
What is the units digit of 1904?
4
What is the hundreds digit of 4059?
0
What is the hundreds digit of 109643?
6
What is the hundreds digit of 4859?
8
What is the thousands digit of 3385?
3
What is the units digit of 303?
3
What is the hundreds digit of 1184?
1
What is the tens digit of 4541?
4
What is the hundreds digit of 12587?
5
What is the tens digit of 6771?
7
What is the tens digit of 1673?
7
What is the ten thousands digit of 12316?
1
What is the hundreds digit of 13721?
7
What is the thousands digit of 9205?
9
What is the ten thousands digit of 42240?
4
What is the thousands digit of 21456?
1
What is the units digit of 1892?
2
What is the hundreds digit of 2570?
5
What is the thousands digit of 1045?
1
What is the hundreds digit of 1898?
8
What is the tens digit of 42099?
9
What is the units digit of 2514?
4
What is the hundreds digit of 15539?
5
What is the units digit of 2576?
6
What is the hundreds digit of 165?
1
What is the hundreds digit of 9310?
3
What is the thousands digit of 3562?
3
What is the tens digit of 353?
5
What is the tens digit of 247?
4
What is the hundreds digit of 5278?
2
What is the units digit of 93666?
6
What is the tens digit of 993?
9
What is the tens digit of 2862?
6
What is the ten thousands digit of 62606?
6
What is the hundreds digit of 429?
4
What is the thousands digit of 3426?
3
What is the thousands digit of 15853?
5
What is the hundreds digit of 6133?
1
What is the units digit of 27974?
4
What is the ten thousands digit of 26678?
2
What is the thousands digit of 5245?
5
What is the tens digit of 40548?
4
What is the hundreds digit of 441?
4
What is the units digit of 19036?
6
What is the thousands digit of 3148?
3
What is the hundreds digit of 738?
7
What is the units digit of 3889?
9
What is the tens digit of 3813?
1
What is the thousands digit of 1155?
1
What is the thousands digit of 70088?
0
What is the hundreds digit of 85